0 (base 8) to base 6.
-32544
-752 (base 16) to base 2
-11101010010
Convert -5850 (base 16) to base 5.
-1210413
What is 82b5 (base 16) in base 9?
50808
Convert -40141 (base 5) to base 12.
-1582
2418 (base 10) to base 7
10023
-20010111 (base 3) to base 15
-14cd
Convert 1481a (base 11) to base 9.
31662
-11000110111100 (base 2) to base 8
-30674
Convert 745a (base 11) to base 12.
5862
What is -5100 (base 6) in base 13?
-67b
120000 (base 4) to base 12
a80
Convert -10b (base 13) to base 6.
-500
Convert 3213231 (base 4) to base 10.
14829
What is -452 (base 16) in base 7?
-3140
What is -1025 (base 7) in base 3?
-111102
-3005 (base 7) to base 14
-53c
Convert 22000112 (base 3) to base 13.
2879
What is 2002 (base 7) in base 2?
1010110000
-6102 (base 8) to base 6
-22310
What is 38a (base 13) in base 8?
1155
What is -41a (base 11) in base 16?
-1f9
What is 136 (base 12) in base 6?
510
245 (base 8) to base 15
b0
685 (base 10) to base 7
1666
What is 1ded (base 16) in base 3?
101111202
-c5 (base 15) to base 9
-225
-31263 (base 10) to base 11
-21541
-112000 (base 3) to base 11
-314
222100 (base 3) to base 16
2c7
What is 494 (base 15) in base 11?
865
What is -102100112 (base 3) in base 8?
-20124
What is -4131 (base 5) in base 8?
-1035
Convert 102416 (base 7) to base 15.
53a2
Convert 50456 (base 8) to base 14.
7806
-7ad (base 14) to base 3
-2002111
-96c (base 13) to base 3
-2012200
What is 4454 (base 14) in base 3?
121020022
-c1 (base 14) to base 5
-1134
131401 (base 5) to base 11
3a21
What is 10000110110 (base 2) in base 12?
75a
-8556 (base 9) to base 10
-6288
Convert -211110 (base 8) to base 4.
-101021020
What is -23221 (base 4) in base 16?
-2e9
What is -1140300 (base 5) in base 13?
-9925
What is -160 (base 14) in base 9?
-341
What is 1200000 (base 3) in base 4?
102333
Convert 10152 (base 6) to base 15.
60e
Convert -1111210 (base 3) to base 10.
-1101
What is 224044 (base 5) in base 16?
1f58
-823 (base 9) to base 8
-1235
Convert -1ca (base 16) to base 14.
-24a
-31652 (base 10) to base 2
-111101110100100
Convert -2001 (base 8) to base 5.
-13100
-192 (base 11) to base 8
-336
Convert 2467 (base 15) to base 11.
5903
What is 2747 (base 13) in base 16?
1604
Convert -13361 (base 7) to base 4.
-320210
What is 10854 (base 13) in base 10?
29982
Convert -b0 (base 15) to base 11.
-140
What is -30302 (base 8) in base 3?
-122010022
What is 13641 (base 7) in base 8?
7251
Convert -73f3 (base 16) to base 3.
-1111201101
What is -1 (base 9) in base 14?
-1
What is 76ec (base 15) in base 8?
61155
Convert -1a730 (base 11) to base 5.
-1410311
What is 1997 (base 10) in base 12?
11a5
Convert -7223 (base 8) to base 14.
-1507
Convert 9377 (base 11) to base 2.
11000010001010
What is -1ab0 (base 13) in base 15?
-12da
-1cc (base 14) to base 4
-11320
64b (base 12) to base 15
418
-1841 (base 16) to base 11
-4735
What is -115 (base 12) in base 15?
-ab
Convert 2258 (base 11) to base 14.
111d
-a03 (base 11) to base 14
-629
-1601 (base 11) to base 3
-2211020
Convert -55456 (base 8) to base 16.
-5b2e
-23312 (base 7) to base 9
-8182
-122021010 (base 3) to base 10
-12585
What is -14600 (base 8) in base 2?
-1100110000000
Convert 310211 (base 4) to base 2.
110100100101
Convert -4160 (base 15) to base 9.
-20850
What is -75df (base 16) in base 6?
-351411
253 (base 8) to base 11
146
What is 10001001100100 (base 2) in base 15?
291e
What is -303112 (base 4) in base 7?
-12403
211 (base 8) to base 4
2021
-2a858 (base 11) to base 7
-241116
-25051 (base 10) to base 15
-7651
4132 (base 9) to base 15
d6b
Convert -351 (base 7) to base 16.
-b7
What is -3222211 (base 4) in base 7?
-61525
Convert 10d16 (base 14) to base 11.
28879
-241401 (base 5) to base 3
-110022110
Convert 11101000 (base 2) to base 12.
174
57704 (base 9) to base 8
113117
Convert 10634 (base 10) to base 12.
61a2
-3188 (base 16) to base 4
-3012020
-111100 (base 2) to base 10
-60
Convert 13420 (base 7) to base 16.
e38
-2832 (base 14) to base 6
-52512
What is -8585 (base 14) in base 9?
-34550
1010000001011 (base 2) to base 5
131011
Convert -24044 (base 5) to base 15.
-7d4
What is -560 (base 8) in base 4?
-11300
Convert -393 (base 11) to base 7.
-1233
Convert 13035 (base 6) to base 3.
2200212
Convert 1f8c (base 16) to base 14.
2d2c
13420 (base 5) to base 12
786
-143 (base 15) to base 13
-192
What is 1012200 (base 4) in base 7?
16104
-45ec (base 16) to base 4
-10113230
Convert -1455 (base 12) to base 13.
-1103
814 (base 9) to base 13
3bb
What is -235 (base 14) in base 2?
-110110111
-1277 (base 9) to base 8
-1701
-4013 (base 5) to base 8
-774
13210 (base 4) to base 10
484
-20450 (base 7) to base 3
-20220102
What is 12220121 (base 3) in base 7?
15364
136 (base 16) to base 2
100110110
Convert 3103 (base 11) to base 3.
12122111
Convert 778 (base 11) to base 5.
12212
-227 (base 11) to base 15
-131
What is 13022011 (base 4) in base 16?
7285
Convert -27c1 (base 16) to base 14.
-39cd
332 (base 9) to base 3
101002
-22011010 (base 3) to base 14
-2247
What is 321 (base 14) in base 8?
1151
Convert 1055 (base 9) to base 8.
1413
8d9e (base 15) to base 5
1430244
What is -75a (base 11) in base 15?
-40c
What is 372 (base 11) in base 16?
1ba
375 (base 10) to base 2
101110111
Convert -82b (base 13) to base 9.
-1813
Convert 931 (base 11) to base 2.
10001100011
What is -203 (base 15) in base 8?
-705
What is -21144 (base 6) in base 7?
-11242
-35f (base 16) to base 5
-11423
Convert -12111100 (base 3) to base 7.
-14451
2792 (base 13) to base 16
1640
Convert -10624 (base 8) to base 2.
-1000110010100
What is 12b4 (base 16) in base 10?
4788
Convert -39357 (base 10) to base 14.
-104b3
What is -368c (base 16) in base 4?
-3122030
Convert 19285 (base 10) to base 16.
4b55
Convert -202552 (base 6) to base 13.
-74ab
What is b3 (base 12) in base 9?
160
-2304 (base 8) to base 12
-858
What is b6a (base 15) in base 10?
2575
What is -1100100011001 (base 2) in base 15?
-1d85
Convert -e65 (base 15) to base 4.
-302231
-402 (base 15) to base 11
-750
Convert 1162 (base 7) to base 13.
277
Convert -10001000001 (base 2) to base 5.
-13324
What is 30225 (base 6) in base 10?
3977
Convert -1170 (base 15) to base 6.
-25053
What is -116441 (base 7) in base 3?
-1002110222
Convert 101010001101 (base 2) to base 4.
222031
Convert 130b (base 15) to base 14.
16a1
Convert -2130012 (base 4) to base 16.
-2706
Convert 12011201 (base 3) to base 5.
110042
-947 (base 10) to base 6
-4215
10002120 (base 3) to base 5
33011
77a (base 14) to base 15
68a
-12917 (base 13) to base 3
-1202022122
What is -2122 (base 12) in base 7?
-13400
18529 (base 10) to base 15
5754
What is 32540 (base 7) in base 5?
230122
1137 (base 8) to base 13
379
Convert -5316 (base 10) to base 12.
-30b0
-1012011110 (base 3) to base 16
-5b98
Convert 16544 (base 7) to base 6.
33532
What is 220400 (base 5) in base 6?
55104
Convert -5575 (base 9) to base 4.
-1000112
What is -164414 (base 7) in base 2?
-1000000000011000
What is -2221211 (base 3) in base 15?
-98a
Convert 34624 (base 8) to base 9.
22187
2124 (base 7) to base 15
353
What is -110403 (base 7) in base 11?
-13643
-2101 (base 12) to base 7
-13333
2426 (base 8) to base 10
1302
Convert -8537 (base 14) to base 16.
-59c5
86155 (base 9) to base 15
11d48
What is 3951 (base 12) in base 16?
198d
Convert 1460 (base 10) to base 9.
2002
-12434 (base 8) to base 15
-1904
Convert -62612 (base 7) to base 15.
-4865
Convert -210133 (base 4) to base 16.
-91f
What is 101111001011101 (base 2) in base 10?
24157
167 (base 9) to base 11
11a
Convert -5770 (base 13) to base 4.
-2333203
Convert -10033 (base 6) to base 11.
-a98
What is 2100 (base 6) in base 4?
13110
What is -210100102 (base 3) in base 12?
-900b
15954 (base 15) to base 3
10112110221
Convert -2623 (base 10) to base 9.
-3534
407c (base 14) to base 4
2231032
Convert 3a1 (base 13) to base 3.
212122
What is -421031 (base 5) in base 16?
-3643
57b (base 12) to base 5
11230
Convert 2311 (base 7) to base 4.
31021
Convert -133030 (base 4) to base 16.
-7cc
-16724 (base 8) to base 10
-7636
What is 31222 (base 5) in base 3?
2211101
Convert 2c0 (base 14) to base 4.
20300
-1c1 (base 14) to base 3
-111112
What is 10111111010 (base 2) in base 5?
22110
What is -11111001110 (base 2) in base 7?
-5553
-210002211 (base 3) to base 10
-15385
Convert -10112311 (base 4) to base 9.
